Let s(n) = 3*n**2 - 4*n + 1. Let b(i) = a*s(i) - 2*v(i). Give b(9).
6
Let v(o) = -8*o**2 + 9*o + 161. Let a(d) = 9*d**2 - 10*d - 192. Let r(c) = -5*a(c) - 6*v(c). Determine r(-1).
1
Let s(d) = d**2 + 7*d + 1. Let k(p) = -2*p + 36. Let o be k(13). Let j be 1/(-2) - 54/(-36). Let a be 10/(3 - j) - o. Determine s(a).
-9
Suppose 57*a + 28 - 12 = 56*a. Let o(n) = 18*n + 279. Determine o(a).
-9
Let q = -21221 + 21218. Let y(f) = -7*f**2 - f + 6. Determine y(q).
-54
Let f(b) = 3*b - 219. Let p(u) = 5*u - 350. Let g(j) = 8*f(j) - 5*p(j). Give g(-4).
2
Suppose 19*h - 13729 = -13862. Let g(m) = 3*m**3 + 17*m**2 - 26*m + 5. Calculate g(h).
-9
Let f(d) be the third derivative of d**8/20160 + d**7/5040 + d**5/60 + 3*d**3/2 - 17*d**2. Let s(g) be the third derivative of f(g). What is s(-2)?
2
Let m(s) be the third derivative of s**6/120 + 31*s**5/60 + 19*s**4/8 - 16*s**3/3 + 1587*s**2. Determine m(-29).
-3
Let r(f) = 21*f - 24*f + 21*f**2 - 17*f**2 + 16*f. What is r(-5)?
35
Let p(k) = -k**3 - k + 1. Let m be p(1). Let h be 6/12*(1 - m). Let x(j) = -7*j + 2*j + h - j - j. Calculate x(-1).
8
Let o be 1/(12/9)*(-208)/(-39). Suppose 0 = 4*q + 3*l + 4, 2*l + 4 + 4 = -o*q. Let w(c) = -c**3 - 4*c**2 - 2*c - 1. What is w(q)?
7
Suppose -92*z + 45*z - 85 = 38*z. Let y(d) = -3*d + 4. Determine y(z).
7
Let h(c) = 3*c**3 - 18*c**2 + 16*c - 6. Let t be h(5). Let s(x) = 11*x**2 + 3*x + 17 - 2*x - 17. What is s(t)?
10
Let q(g) be the first derivative of g**4/24 + 5*g**3/6 - 59*g**2/2 - 2*g - 28. Let r(d) be the second derivative of q(d). Determine r(-5).
0
Suppose -200*f + 1274 = -109*f. Let x(t) = -16*t + 215. Calculate x(f).
-9
Let z(v) = -12*v**2 + 16*v + 10. Let q be z(-2). Let s(h) = 7*h + 488. What is s(q)?
-2
Let l(p) = p + 16. Let c be l(-4). Suppose -20*v + 18*v = -c. Let o(n) = 8*n + 3*n**3 - 9 - 3*n**3 - n**3 + 0*n**3 + 5*n**2. Calculate o(v).
3
Let v be 22*(225/(-18))/25 + 6. Let l(h) = 5*h**2 + 24*h - 8. Determine l(v).
-3
Let l = 1100 - 550. Let z(x) = l - 545 - x + 3*x. Let w = 13 - 19. Determine z(w).
-7
Let q(o) = o**3 - 7*o**2 + 5*o - 1. Let m = -1873 - -1829. Suppose 4*u = -0*u + 200. Let f = m + u. Give q(f).
-7
Suppose -r - 3*z + 20 = 0, -154*z = -5*r - 153*z + 148. Let l(k) = k**3 - 29*k**2 + 3*k - 80. Calculate l(r).
7
Let x(p) = p + 0*p**2 - 15 + 6*p - p**2 + p. Let f(s) = 3*s**2 + 240*s + 474. Let u be f(-2). Give x(u).
-3
Let x(d) = -d**3 + 2*d**2 + 2*d - 1. Suppose -9*j - 57 = -5*j - 3*q, -5*j - 100 = 2*q. Let h be 2/4 - 81/j. Suppose -h*y + 4 = -3*y. Determine x(y).
3
Let t(d) = -36*d + 11 - 20*d + 50*d - d**2. Give t(2).
-5
Let i(a) = -32*a + 5 + 11*a + 5*a**2 + a**3 + 13*a - 5*a**2 - 4*a**2. Suppose -h + 4 = -n - 2, -4*h - 3*n + 17 = 0. Calculate i(h).
-10
Let x(u) be the second derivative of -u**5/120 - 5*u**4/12 + 13*u**3/3 - u**2 - 39*u. Let a(h) be the second derivative of x(h). Determine a(-12).
2
Suppose -6 + 4 = n. Let a(r) = -59*r**2 + 3508 - 3507 + 55*r**2. Give a(n).
-15
Let g(a) be the first derivative of -2/3*a**3 - 4 - 2*a**2 + 6*a. Determine g(-5).
-24
Suppose 10*o - 14*o - 8 = 0, l + 4*o = 3. Let k(a) = a**3 - 9*a**2 - 20*a - 5. Calculate k(l).
17
Let w(v) be the second derivative of -v**6/360 - 2*v**5/15 - 7*v**4/8 - 71*v**3/3 + 150*v. Let m(n) be the second derivative of w(n). Determine m(-14).
7
Let h(g) = g**3 - 6*g**2 - 14. Let l be ((36/7)/6)/((-5)/(-35)). Determine h(l).
-14
Let s(g) = 9*g - 6. Let h(p) = 5*p - 3. Let f(r) = 5*h(r) - 3*s(r). Let b(t) = t + 4. Let l be b(-1). Calculate f(l).
-3
Let s(g) = g**3 - 12*g**2 + 32*g + 19. Let n(w) = 829*w - 1651. Let t be n(2). What is s(t)?
-2
Let x(c) be the second derivative of 7*c**3/6 - 7*c**2/2 - 779*c + 2. Determine x(-6).
-49
Let i(u) = -2*u**3 - 52*u**2 - 16*u - 440. Let r be i(-26). Let s(m) = -m**3 - 22*m**2 + 46*m - 49. Give s(r).
-1
Let l = -24 + 26. Suppose 1 = 3*p + b, -3 + l = -b. Let j(f) = p*f + 15 + 2 + f. Give j(0).
17
Let z be (-18)/(-12) - 209/(-2). Let w = z - 104. Let h(n) = 5*n**2 + 2*n. What is h(w)?
24
Let i(x) = x**2 + x - 2. Let b(g) = -146 - 4*g + 67 - g**2 + 80. Let h(f) = 2*b(f) + i(f). Suppose 0*c + 23 = -5*c - 2*n, -5*c = n + 24. Give h(c).
10
Suppose 4*z - 38 = -z + 2*m, 0 = 2*z - 2*m - 14. Let p(l) = 5*l + 14*l - 9*l**2 + 9 + l**3 - 11*l. Calculate p(z).
9
Let v(q) = 3*q - 3. Let u(n) = -3*n + 5. Suppose 4 = 2*m - 4*t, -5*m + t + 6 = -4. Let k(w) = m*u(w) + 3*v(w). Calculate k(1).
4
Let g(j) = 62 - 171 + 4*j + 43. What is g(17)?
2
Let f(c) be the second derivative of c**5/20 + c**4/3 - 95*c**3/6 + 17*c**2/2 + 752*c - 4. Give f(-12).
5
Suppose 17*q - 136 + 17 = 0. Let y(x) = x - 3. Let m(c) = -3*c + 10. Let b(g) = -3*m(g) - 8*y(g). Give b(q).
1
Let b(d) = -d**3 + 14*d**2 - 2*d + 33. Let m be -1 + 3 + -10 - (5 + -27). Calculate b(m).
5
Let i(g) = 2*g**2 + 23*g + 2. Let p(d) = 43*d**2 + 1251*d + 106. Let y be p(-29). Determine i(y).
-28
Let m(s) = -26*s**3 - 25*s**2 - 27*s - 2. Let d(q) = 17*q**3 + 18*q**2 + 19*q + 1. Let h(k) = 7*d(k) + 5*m(k). Determine h(-1).
11
Let i = -171 + 173. Let v(c) = c**2. Let w(k) = k**2 + 3*k - 1. Let y(j) = 4*v(j) - w(j). Give y(i).
7
Let t(a) be the first derivative of 1/2*a**2 - 5 - 5/6*a**3 - a. Let c(g) be the first derivative of t(g). Give c(-3).
16
Suppose 5 = 5*s - 6*s, r = 2*s + 12. Let i(z) be the first derivative of 1/3*z**3 + 3*z**r + 11 - 7*z. Determine i(-8).
9
Let d = -122 - -125. Let c(p) = -p**3 + d - 2*p + 7*p - p**2 - p - p. Determine c(-2).
1
Suppose -5*n = -g + 11, n = -g + 2*g - 7. Let q be (12/10)/(g/90). Let s be 14/q - (-2)/9. Let p(l) = 8*l**2 - 1. Determine p(s).
7
Let y(q) = 582*q + 2907. Let x be y(-5). Let j(w) = -w**2 - 5*w - 15. Calculate j(x).
-9
Let r(s) = s - 2. Let z be r(-2). Let b(p) be the third derivative of -p**6/120 - p**5/15 + 3*p**2 - 3658*p. What is b(z)?
0
Let o(f) be the second derivative of 7*f - 3/2*f**3 + 1/12*f**4 + 2 + 5/2*f**2. Determine o(9).
5
Suppose 48 + 184 = 6*i + 23*i. Let y(r) = 3*r**2 - 23*r - 17. Give y(i).
-9
Let c(b) = -2*b + 1. Let w be 6/(-1) - (-10360)/(-37). Let o = w + 285. Determine c(o).
3
Let h(b) be the second derivative of 3*b**3 - 477*b**2/2 + 8*b + 33. Give h(27).
9
Let l(g) = -75*g**3 + 16*g**2 - 22 + 17*g**3 + 59*g**3. What is l(-16)?
-22
Let j(t) be the first derivative of 41*t**2/2 + 31*t + 861. What is j(-1)?
-10
Let s(u) = 8*u**3 - 15*u**2 + 5*u. Let w(a) = 3*a**3 - 5*a**2 + 2*a. Let c(x) = -4*s(x) + 11*w(x). What is c(-5)?
-10
Let y be 21/3 - (-2)/2. Let m(s) = -y - s**2 + 4 + 2*s**2. Suppose -9*a + 7*a - 2*b = -6, 2*a - 3*b - 6 = 0. Determine m(a).
5
Let a(p) be the first derivative of -p**3/3 - 10*p**2 - 75*p - 848. Determine a(-5).
0
Let j(k) = -k**2 - 4*k. Let t = -135 - -137. Suppose -4*p + s - 12 = 0, 7*p - t*p - s = -15. What is j(p)?
3
Let s(t) = 85*t + 9. Let g(k) = 368*k + 33. Let j(c) = -6*g(c) + 26*s(c). Calculate j(-15).
6
Let t(m) = 10*m + 14*m - 19 - 27*m. Let x be t(-7). Let q(r) = x + 0*r - r + 5*r - 3. Calculate q(3).
11
Suppose -b + 4*w + 10 = 28, 0 = -2*w + 8. Let n(a) = 6*a**2 - 5*a - 4. Determine n(b).
30
Let i(w) = -w**2 + 7*w - 7. Let v(g) = -g**2 + 22*g - 37. Let u be v(17). Suppose 4*d - 3*j = u - 18, 2*j = -2*d + 8. Give i(d).
-1
Let i(x) = x + 8. Let b(k) be the third derivative of 1/24*k**4 + 7*k**2 + 0*k + 7/6*k**3 + 0. Let z(h) = 7*b(h) - 6*i(h). Calculate z(-5).
-4
Let l(g) = -9*g - 1. Let n(r) = -4*r. Suppose 2*o = 11*o - 18. Let d(f) = o*l(f) - 5*n(f). Determine d(3).
4
Let k = 1 + -10. Let p(q) = -1 + q**3 - 1756*q**2 + 8 - 8*q + 1764*q**2. Give p(k).
-2
Let r(b) be the first derivative of -5*b**2/2 - 3*b + 3. Suppose 54 - 87 = 39*u + 84. Calculate r(u).
12
Let m(s) = -s**3 - 13*s**2 - 4*s - 1. Let h = 4350 + -4363. Give m(h).
51
Let v = 673 - 664. Let l(s) = v*s**2 - 11*s - 9 - 53*s**2 + 43*s**2. Determine l(-10).
1
Let o = 5762 - 5758. Let y(d) be the first derivative of 5/2*d**2 + o*d + 1 - 1/3*d**3. Give y(5).
4
Suppose 26*d = -1109 - 6691. Let a = d - -295. Let f(m) = -m**2 - 9*m - 12. Give f(a).
8
Let b(a) = -12*a + 806. Let c be b(66). Let n(l) = -l**2 + 15*l - 18. What is n(c)?
-4
Let h(k) = -44*k**3 - k**2 - 4*k + 4. Let r(o) = -18*o**3 - 2*o + 2. Let a(v) = -2*h(v) + 5*r(v). What is a(2)?
-10
Let c(z) = -2*z**3 + 18*z**2 + z + 14. Let n = -2723 + 2732. Calculate c(n).
23
Let r(x) = -4